divided by 13577?
6
What is the remainder when 1635785 is divided by 131?
119
What is the remainder when 2317966 is divided by 84?
70
Calculate the remainder when 118598 is divided by 19730.
218
What is the remainder when 354612 is divided by 636?
360
What is the remainder when 8091572 is divided by 975?
47
What is the remainder when 3718327 is divided by 61972?
7
Calculate the remainder when 63346079 is divided by 9611.
9589
Calculate the remainder when 19457060 is divided by 54.
50
What is the remainder when 3766 is divided by 58?
54
Calculate the remainder when 879933 is divided by 12940.
13
Calculate the remainder when 8576437 is divided by 714703.
1
Calculate the remainder when 351906 is divided by 50267.
37
Calculate the remainder when 246563 is divided by 246354.
209
Calculate the remainder when 429991 is divided by 3805.
26
What is the remainder when 483354539 is divided by 204?
203
What is the remainder when 3295505 is divided by 23?
19
Calculate the remainder when 1277814 is divided by 36494.
524
Calculate the remainder when 525235 is divided by 8844.
3439
Calculate the remainder when 2072524 is divided by 5710.
5504
Calculate the remainder when 370041 is divided by 1434.
69
What is the remainder when 34591920 is divided by 63?
6
What is the remainder when 14716 is divided by 7346?
24
What is the remainder when 15264 is divided by 786?
330
Calculate the remainder when 1634485 is divided by 198.
193
What is the remainder when 32142965 is divided by 87583?
4
What is the remainder when 15991 is divided by 2654?
67
What is the remainder when 18998 is divided by 6110?
668
What is the remainder when 2109231 is divided by 3?
0
What is the remainder when 25997 is divided by 25130?
867
Calculate the remainder when 319162 is divided by 21.
4
Calculate the remainder when 15145960 is divided by 1376904.
16
Calculate the remainder when 14544221 is divided by 3636054.
5
What is the remainder when 152744 is divided by 9545?
24
What is the remainder when 6240455 is divided by 2076?
2075
What is the remainder when 500803 is divided by 1184?
1155
Calculate the remainder when 1566241 is divided by 261036.
25
Calculate the remainder when 76929 is divided by 9410.
1649
Calculate the remainder when 48356496 is divided by 48356488.
8
What is the remainder when 7632203 is divided by 218054?
313
What is the remainder when 808833 is divided by 27?
21
What is the remainder when 1916485 is divided by 42?
25
Calculate the remainder when 60314263 is divided by 363.
361
Calculate the remainder when 74931 is divided by 479.
207
What is the remainder when 6879011 is divided by 53?
35
What is the remainder when 550289 is divided by 484?
465
Calculate the remainder when 128344 is divided by 4964.
4244
What is the remainder when 173881 is divided by 57216?
2233
Calculate the remainder when 2761236 is divided by 1380609.
18
Calculate the remainder when 3810049 is divided by 1270000.
49
Calculate the remainder when 68304218 is divided by 349.
32
Calculate the remainder when 665269 is divided by 1010.
689
Calculate the remainder when 42750232 is divided by 11551.
11532
What is the remainder when 39448 is divided by 9593?
1076
Calculate the remainder when 2612764 is divided by 31.
22
What is the remainder when 5222212 is divided by 3270?
22
Calculate the remainder when 4878029 is divided by 2438992.
45
Calculate the remainder when 1723342 is divided by 5783.
8
What is the remainder when 80844634 is divided by 549?
541
Calculate the remainder when 63269521 is divided by 11866.
9
Calculate the remainder when 744436 is divided by 156.
4
Calculate the remainder when 26760 is divided by 1105.
240
What is the remainder when 1098099 is divided by 274353?
687
Calculate the remainder when 33645 is divided by 1323.
570
Calculate the remainder when 94582 is divided by 31061.
1399
What is the remainder when 436040711 is divided by 6616?
6615
Calculate the remainder when 19648259 is divided by 18.
17
Calculate the remainder when 120432036 is divided by 1857.
15
What is the remainder when 13397 is divided by 1913?
6
What is the remainder when 13726766 is divided by 92?
90
Calculate the remainder when 609542 is divided by 26498.
88
Calculate the remainder when 2757258 is divided by 13.
10
Calculate the remainder when 3436066 is divided by 859011.
22
Calculate the remainder when 1851191 is divided by 32477.
2
What is the remainder when 13444 is divided by 3348?
52
What is the remainder when 2790702 is divided by 47?
30
What is the remainder when 721585 is divided by 23275?
60
Calculate the remainder when 4684720 is divided by 2982.
2980
Calculate the remainder when 10567893 is divided by 352256.
213
Calculate the remainder when 1154 is divided by 922.
232
Calculate the remainder when 53442401 is divided by 800.
1
What is the remainder when 1190741 is divided by 126?
41
What is the remainder when 7947210 is divided by 26?
24
What is the remainder when 11230 is divided by 843?
271
What is the remainder when 1254034 is divided by 1253957?
77
What is the remainder when 16807293 is divided by 5709?
5706
What is the remainder when 2251219 is divided by 2939?
2884
Calculate the remainder when 2000261 is divided by 1496.
109
What is the remainder when 19021280 is divided by 237765?
80
What is the remainder when 591243 is divided by 591193?
50
What is the remainder when 20443200 is divided by 112?
64
Calculate the remainder when 803588 is divided by 57398.
16
Calculate the remainder when 153697 is divided by 257.
11
What is the remainder when 11083501 is divided by 1385434?
29
What is the remainder when 2664092 is divided by 1332041?
10
Calculate the remainder when 16714 is divided by 16649.
65
What is the remainder when 1306417 is divided by 4667?
4324
What is the remainder when 135673 is divided by 1764?
1609
What is the remainder when 43269033 is divided by 3633?
3
What is the remainder when 2011602 is divided by 11301?
24
What is the remainder when 41983 is divided by 4552?
1015
What is the remainder when 883619 is divided by 61?
34
Calculate the remainder when 110422 is divided by 775.
372
What is the remainder when 375861 is divided by 7762?
3285
What is the remainder when 486735 is divided by 6?
3
Calculate the remainder when 9448 is divided by 9322.
126
What is the remainder when 4387673 is divided by 445?
418
What is the remainder when 4057500 is divided by 349?
26
Calculate the remainder when 3464561 is divided by 26857.
8
Calculate the remainder when 156628 is divided by 24845.
7558
Calculate the remainder when 4078729 is divided by 1242.
1
Calculate the remainder when 2024770 is divided by 7.
6
Calculate the remainder when 1019606 is divided by 101960.
6
What is the remainder when 3880933 is divided by 323399?
145
What is the remainder when 3041768 is divided by 48?
8
What is the remainder when 332045467 is divided by 33?
28
Calculate the remainder when 283426 is divided by 4721.
166
What is the remainder when 1452806 is divided by 484267?
5
Calculate the remainder when 33164 is divided by 504.
404
What is the remainder when 3025817 is divided by 72043?
11
Calculate the remainder when 34393397 is divided by 68.
17
Calculate the remainder when 7404 is divided by 2451.
51
What is the remainder when 86641 is divided by 5518?
3871
What is the remainder when 3909 is divided by 2720?
1189
What is the remainder when 38149623 is divided by 229817?
1
What is the remainder when 97251 is divided by 31974?
1329
What is the remainder when 199370 is divided by 752?
90
Calculate the remainder when 19270 is divided by 4493.
1298
What is the remainder when 21970570 is divided by 27?
22
Calculate the remainder when 172002 is divided by 42770.
922
Calculate the remainder when 2678947 is divided by 47.
41
What is the remainder when 9899331 is divided by 659944?
171
Calculate the remainder when 13273394 is divided by 219.
23
What is the remainder when 10044809 is divided by 3599?
0
Calculate the remainder when 11878617 is divided by 2737.
37
Calculate the remainder when 4604698 is divided by 11.
10
Calculate the remainder when 5253961 is divided by 45292.
89
What is the remainder when 2246748 is divided by 77466?
234
What is the remainder when 2044263 is divided by 1236?
1155
Calculate the remainder w